te a(110).
-1371
Let f(u) = 9*u + 227. Calculate f(-32).
-61
Let x(m) = -m**3 + 59*m**2 + 2907*m + 226. Calculate x(91).
-229
Let x(h) = 300430*h + 16523647. Give x(-55).
-3
Let b(a) = a**3 - 191*a**2 - 1063*a + 130612. Give b(193).
-49
Let x(u) = -u**2 - 505*u + 3912. Calculate x(8).
-192
Let b(n) = -2*n**3 - 581*n**2 - 410*n - 33645. Give b(-290).
1155
Let l(c) = -245*c**2 + 2535*c - 836. Determine l(10).
14
Let z(r) = 50*r**2 - 112*r - 798. Give z(-3).
-12
Let t(y) = 48*y**2 - 4152*y + 2060. Calculate t(86).
-4
Let g(v) = v**3 - 109*v**2 - 1892*v - 472. Calculate g(-15).
8
Let n(d) = 38*d**2 - 160*d - 657. Give n(-5).
1093
Let u(m) = 4*m**2 - 507*m + 3229. What is u(120)?
-11
Let b(c) = -c**3 + 459*c**2 + 71588*c - 1164. Determine b(582).
0
Let j(n) = -147*n**2 - 108*n - 442. Calculate j(-5).
-3577
Let x(z) = -97269*z - 97127. Calculate x(-1).
142
Let d(t) = 91*t + 482. Calculate d(-11).
-519
Let r(o) = -o**2 - 54123*o + 4227675. Calculate r(78).
-3
Let a(b) = -770*b + 34628. Give a(45).
-22
Let o(c) = -3*c**3 + 35*c**2 - 63*c + 28. Give o(1).
-3
Let v(r) = 86*r**3 + r**2 + 65*r - 66. What is v(1)?
86
Let y(d) = 475*d - 847. Calculate y(3).
578
Let d(b) = b**3 + 41*b**2 + 597. Determine d(0).
597
Let x(y) = -4*y**3 + 587*y**2 + 125*y + 3244. Determine x(147).
10
Let n(s) = -6*s**2 - 571*s - 8360. Give n(-77).
33
Let u(s) = 436*s - 256. Give u(2).
616
Let v(s) = s**3 - 77*s**2 - 159*s + 301. Calculate v(79).
222
Let m(u) = 6*u**3 - 491*u**2 - 87*u + 420. Calculate m(82).
10
Let k(g) = -2504*g - 60331. Give k(-25).
2269
Let l(g) = 3*g**2 - 18184*g - 109149. Calculate l(-6).
63
Let u(s) = -2*s**2 + 8409*s - 521789. Determine u(63).
40
Let f(t) = -53*t - 77. Determine f(24).
-1349
Let l(w) = 3*w**3 - 78*w**2 + 431*w + 256. Determine l(17).
-220
Let j(v) = -36778*v - 772347. Calculate j(-21).
-9
Let p(v) = -64*v + 3714. Determine p(58).
2
Let p(f) = 3045*f + 274043. Calculate p(-90).
-7
Let i(x) = -x**3 + 232*x**2 - 11601*x - 454. Determine i(73).
-16
Let l(j) = 2*j**3 - 20*j**2 - 1412*j - 90. What is l(-22)?
-2
Let v(g) = 2*g**3 + 517*g**2 - 3489*g - 11622. Calculate v(-265).
38
Let d(r) = 26562*r - 398486. What is d(15)?
-56
Let b(f) = 303*f - 30207. What is b(100)?
93
Let q(t) = -t**3 + 348*t**2 + 1765*t - 15. Give q(-5).
-15
Let l(c) = 38*c + 574. What is l(-15)?
4
Let u(m) = 40296*m - 805915. Calculate u(20).
5
Let m(i) = 2*i**3 + 19*i**2 + 30*i + 104. Determine m(-5).
179
Let k(j) = 730*j - 5272. Calculate k(7).
-162
Let p(m) = -40*m**3 - 4*m**2 + 90*m + 95. Give p(-1).
41
Let v(o) = -6*o**3 - 336*o**2 - 2054*o - 68. Give v(-49).
-264
Let s(w) = 12499*w - 2512300. Determine s(201).
-1
Let i(q) = q**3 - 59*q**2 - 16*q - 572. Calculate i(60).
2068
Let d(s) = -34967*s + 909256. Calculate d(26).
114
Let s(x) = 3*x**3 + 190*x**2 + 62*x - 389. Give s(-63).
-326
Let x(g) = -9*g**2 - 3909*g - 19314. Give x(-5).
6
Let p(r) = -r**3 + 30*r**2 + 155*r + 72. Give p(34).
718
Let d(h) = -67*h**3 + 41*h**2 + 13*h - 8. What is d(1)?
-21
Let w(c) = -2*c**3 - c**2 - 130*c + 1032. Give w(7).
-613
Let k(d) = -2*d**3 + 16*d**2 - 35*d + 160. Calculate k(9).
-317
Let f(m) = -274*m - 6748. Determine f(-25).
102
Let f(y) = 10981*y + 109414. Give f(-10).
-396
Let j(i) = -i**2 - 391*i + 12143. Give j(-420).
-37
Let f(w) = 407*w + 55216. What is f(-136)?
-136
Let o(l) = 15*l**2 - 3890*l + 1243. Give o(259).
-52
Let f(v) = 3*v**3 - 133*v**2 + 51*v - 6420. Determine f(45).
-75
Let j(x) = -2*x**3 - 46*x**2 - 140*x + 233. Determine j(-19).
5
Let t(x) = 45*x**2 - 3653*x + 10969. Calculate t(3).
415
Let r(z) = z**3 + 84*z**2 + 113*z + 2391. Calculate r(-83).
-99
Let g(z) = 2*z**2 - 612*z + 20823. Calculate g(267).
-3
Let a(j) = 23*j**3 - j**2 + 82*j + 87. Determine a(-1).
-19
Let a(t) = -4*t**3 - 307*t**2 + 477*t + 6779. Calculate a(-78).
-7
Let w(f) = 2*f**3 - 27*f**2 + 57*f - 693. Calculate w(13).
-121
Let a(x) = -9*x**2 - 10899*x + 65339. Determine a(6).
-379
Let j(m) = -1809*m - 276783. Give j(-153).
-6
Let n(k) = 89*k - 2221. Calculate n(10).
-1331
Let r(d) = -23*d**3 + 27171*d**2 + 17729*d + 1183. Calculate r(1182).
1
Let a(v) = -6*v + 278. Determine a(36).
62
Let g(a) = a**3 + 138*a**2 + 4590*a - 89. Calculate g(-56).
23
Let b(h) = h**3 - 11*h**2 - 41*h + 36. Calculate b(8).
-484
Let d(o) = 4*o**2 + 35*o - 75. Calculate d(-6).
-141
Let u(c) = -54*c**2 - 8332*c - 3316. What is u(-154)?
-852
Let q(t) = 903*t - 55101. What is q(61)?
-18
Let j(i) = -22*i - 2292. Determine j(-78).
-576
Let l(g) = 2*g**2 - 1270*g + 5024. Determine l(4).
-24
Let m(y) = 5*y**2 + 4496*y + 5392. What is m(-898)?
4
Let v(z) = -13*z**2 + 62*z + 11232. Give v(-27).
81
Let m(g) = -g**2 - 7734*g + 30989. What is m(4)?
37
Let s(r) = -2*r**2 + 93*r + 1102. Determine s(59).
-373
Let w(j) = -713*j**2 - 24242*j + 10. Determine w(-34).
10
Let q(j) = -4*j**3 + 4607*j**2 - 8583*j + 612954. Calculate q(1150).
4
Let b(h) = -3524*h + 17166. What is b(5)?
-454
Let g(f) = 3*f**2 + 2498*f + 492165. Determine g(-320).
5
Let u(j) = -j**3 + 48*j**2 + 111*j + 1494. Determine u(51).
-648
Let c(n) = -4*n**2 + 4892*n + 29486. What is c(-6)?
-10
Let j(n) = 4414*n - 687740. Determine j(156).
844
Let f(d) = -210*d**2 + 22509*d - 4174. Give f(107).
-1
Let f(m) = 21007*m + 189035. Give f(-9).
-28
Let g(z) = 710*z - 152639. Give g(215).
11
Let u(j) = 3674*j - 51298. What is u(14)?
138
Let x(t) = -t**3 + 11*t**2 + 72*t - 701. Determine x(12).
19
Let h(m) = -2787*m + 8439. Calculate h(3).
78
Let r(g) = -14*g**2 - 152*g + 51. Give r(4).
-781
Let k(t) = -3*t**3 - 385*t**2 - 132*t - 137. What is k(-128)?
375
Let a(j) = -3*j**3 + 1684*j**2 - 554*j - 3925. What is a(561)?
2
Let p(o) = 1682904*o - 3365811. Determine p(2).
-3
Let y(o) = 66*o**2 + 99*o + 162. What is y(-5)?
1317
Let b(f) = -30*f**2 + 1202*f + 1075. Give b(39).
2323
Let m(c) = 89*c + 3356. What is m(-45)?
-649
Let x(j) = -7*j**2 - 9965*j + 29881. Determine x(3).
-77
Let t(v) = -v**3 - 149*v**2 - 1254*v + 850. Calculate t(-140).
10
Let r(l) = -268*l - 12783. What is r(-38)?
-2599
Let f(z) = -19905*z + 457837. Calculate f(23).
22
Let b(m) = -127*m - 5390. Give b(-43).
71
Let l(v) = 1798*v + 404513. What is l(-225)?
-37
Let g(m) = m**3 + 1015*m**2 + 178309*m - 1122. Determine g(-226).
8
Let s(x) = 3*x**3 + 6*x**2 + 728*x - 5751. What is s(8)?
1993
Let m(d) = 4*d**2 - 146*d + 654. Calculate m(5).
24
Let t(k) = -2*k**3 + 61*k**2 + 130*k - 1090. Give t(32).
-2
Let s(f) = -3*f**2 - 759*f - 5401. Give s(-7).
-235
Let z(g) = 501*g + 406312. Give z(-811).
1
Let a(m) = m**3 - 17*m**2 - 924*m + 16334. Give a(18).
26
Let d(h) = -11*h**2 + 251*h - 4289. Determine d(17).
-3201
Let j(m) = -3090*m + 6353. Calculate j(2).
173
Let o(m) = m**3 + 49*m**2 - 163*m - 273. Give o(-53).
-2870
Let f(v) = 2*v**3 + 27*v**2 - 245*v - 1329. What is f(-6)?
681
Let o(c) = 137*c**2 - 286*c - 3226. What is o(6)?
-10
Let l(p) = 2*p**3 + 340*p**2 - 345*p + 1391. Give l(-171).
1904
Let k(t) = 17*t**3 - 47*t**2 - 10*t + 5. Calculate k(3).
11
Let n(p) = 80012*p - 20163021. Determine n(252).
3
Let j(z) = 8*z**2 - 11747*z + 151359. Calculate j(13).
0
Let h(y) = 373*y**3 - 1492*y**2 + 5. Determine h(4).
5
Let b(h) = h**3 + h**2 + 31*h - 45. Determine b(0).
-45
Let i(p) = -333*p**2 - 3329*p + 27. What is i(-10)?
17
Let x(s) = -19*s**2 - 1140*s - 16630. What is x(-25)?
-5
Let r(a) = -2356*a - 143731. Calculate r(-61).
-15
Let i(p) = 69*p - 6867. Calculate i(101).
102
Let g(l) = -79*l**2 + 85*l - 32. What is g(6)?
-2366
Let u(x) = -69*x**2 - 3826*x + 15320. Determine u(4).
-1088
Let m(n) = -27*n**2 + 12950*n + 4766. Determine m(480).
-34
Let f(n) = -8468*n + 60196. Determine f(7).
920
Let l(h) = -60*h**2 + 3373*h + 6195. Calculate l(58).
-11
Let i(w) = -10*w**3 + 3*w**2 - 5*w - 486. What is i(0)?
-486
Let j(a) = -a**2 - 828*a + 42048. What is j(48)?
0
Let w(v) = v**3 - 72*v**2 - 2074*v - 145. Give w(-22).
-13
Let c(u) = -6*u**2 - 122*u + 7844. Calculate c(-48).
-124
Let m(u) = -1150*u + 185026. What is m(161)?
-124
Let t(z) = 9*z**2 + 1192*z + 35197. Calculate t(-88).
-3
Let f(k) = k**2 + 406*k + 17786. What is f(-50)?
-14
Let t(u) = -39*u**2 + 276*u - 7. What is t(-5)?
-2362
Let m(h) = -4*h**2 + 17321*h + 138688. Determine m(-8).
-136
Let q(x) = -6*x**3 + 104*x**2 + 513*x + 7. What is q(-4)?
3
Let v(h) = 2*h